25505627?
3, 199, 10762991
What are the prime factors of 8966180?
2, 5, 448309
List the prime factors of 173180329.
7, 24740047
What are the prime factors of 1031235995?
5, 5399, 38201
What are the prime factors of 38204341?
7, 1783, 3061
List the prime factors of 325701843.
3, 853, 127277
List the prime factors of 3192466411.
18701, 170711
List the prime factors of 13149629.
23, 79, 7237
List the prime factors of 412203775.
5, 16488151
What are the prime factors of 271806371?
271806371
List the prime factors of 513597446.
2, 263, 557, 1753
List the prime factors of 48770553.
3, 13, 1250527
List the prime factors of 108807408.
2, 3, 61, 4129
What are the prime factors of 514485587?
7, 11, 607421
What are the prime factors of 28222002?
2, 3, 227, 6907
What are the prime factors of 21129813?
3, 43, 71, 769
What are the prime factors of 406475965?
5, 7, 977, 11887
What are the prime factors of 186674908?
2, 7, 952423
What are the prime factors of 546249547?
546249547
List the prime factors of 273366328.
2, 34170791
List the prime factors of 43566603.
3, 47, 59, 5237
List the prime factors of 16964072.
2, 29, 73121
List the prime factors of 2379939414.
2, 3, 353, 641, 1753
What are the prime factors of 14553132?
2, 3, 11, 110251
List the prime factors of 192606043.
7, 491, 56039
List the prime factors of 51014886.
2, 3, 13, 19, 29, 1187
List the prime factors of 263101543.
29, 9072467
What are the prime factors of 2591325098?
2, 67, 2221, 8707
What are the prime factors of 145210040?
2, 5, 23, 157837
List the prime factors of 1371535064.
2, 19, 199, 45343
What are the prime factors of 597667570?
2, 5, 59766757
List the prime factors of 66860526.
2, 3, 11143421
List the prime factors of 2107941692.
2, 41, 12853303
List the prime factors of 228507109.
228507109
What are the prime factors of 11745032?
2, 13, 31, 3643
What are the prime factors of 811376074?
2, 251, 467, 3461
List the prime factors of 2801644782.
2, 3, 79, 337, 17539
List the prime factors of 580774067.
580774067
List the prime factors of 251919696.
2, 3, 7, 749761
List the prime factors of 11003205.
3, 5, 59, 12433
List the prime factors of 319076395.
5, 11, 527399
What are the prime factors of 3288272299?
13, 2309, 109547
List the prime factors of 2130546610.
2, 5, 31, 73, 3037
What are the prime factors of 260959457?
11, 31, 101, 7577
What are the prime factors of 335534578?
2, 1861, 90149
List the prime factors of 139868805.
3, 5, 9324587
What are the prime factors of 53747384?
2, 37, 107, 1697
List the prime factors of 1971189784.
2, 239, 1030957
What are the prime factors of 1603882422?
2, 3, 103, 317, 2729
What are the prime factors of 855735180?
2, 3, 5, 14262253
What are the prime factors of 701354596?
2, 43, 4077643
What are the prime factors of 107900285?
5, 21580057
What are the prime factors of 889531400?
2, 5, 47, 173, 547
What are the prime factors of 353152031?
19, 31, 47, 12757
What are the prime factors of 5813793315?
3, 5, 11, 11745037
What are the prime factors of 371867658?
2, 3, 19, 101, 32297
List the prime factors of 730582462.
2, 149, 2451619
What are the prime factors of 745062609?
3, 8059, 30817
What are the prime factors of 17999089?
379, 47491
List the prime factors of 2182040088.
2, 3, 90918337
What are the prime factors of 3294916307?
173, 659, 28901
List the prime factors of 52405436.
2, 29, 451771
List the prime factors of 617856366.
2, 3, 313, 383, 859
What are the prime factors of 27006261?
3, 9002087
What are the prime factors of 319496367?
3, 106498789
What are the prime factors of 53821245?
3, 5, 29, 123727
List the prime factors of 3182790330.
2, 3, 5, 1709, 20693
What are the prime factors of 158871902?
2, 7, 17, 23, 29023
List the prime factors of 128459105.
5, 25691821
What are the prime factors of 1029182917?
7, 89, 235997
What are the prime factors of 398863376?
2, 24928961
List the prime factors of 506745454.
2, 43, 59, 99871
List the prime factors of 90259610.
2, 5, 7, 1289423
List the prime factors of 75300649.
75300649
What are the prime factors of 1234308834?
2, 3, 11, 17, 31, 3943
List the prime factors of 20754904.
2, 199, 13037
What are the prime factors of 90497475?
3, 5, 19, 21169
What are the prime factors of 704111264?
2, 883, 24919
List the prime factors of 352312569.
3, 7, 691, 8093
What are the prime factors of 200161538?
2, 29, 3451061
What are the prime factors of 56239443?
3, 13, 233, 2063
What are the prime factors of 2799128721?
3, 103, 9058669
What are the prime factors of 237619577?
13, 1406033
What are the prime factors of 179726659?
7, 29, 79, 1601
What are the prime factors of 3450405238?
2, 7, 17, 239, 60659
What are the prime factors of 2277403397?
23, 229, 432391
List the prime factors of 1025441298.
2, 3, 7, 67, 121469
List the prime factors of 921537086.
2, 103, 577, 7753
List the prime factors of 107377786.
2, 53688893
What are the prime factors of 534042218?
2, 1021, 261529
List the prime factors of 629851963.
13, 41, 59, 20029
What are the prime factors of 238760485?
5, 271, 176207
What are the prime factors of 1786105980?
2, 3, 5, 9922811
List the prime factors of 4018708764.
2, 3, 7, 23, 693359
List the prime factors of 43485092.
2, 7, 41, 37879
What are the prime factors of 1903213236?
2, 3, 397, 399499
What are the prime factors of 5077410418?
2, 193, 13153913
List the prime factors of 315831577.
1409, 224153
What are the prime factors of 192357022?
2, 11, 13, 672577
What are the prime factors of 331132692?
2, 3, 11, 2508581
What are the prime factors of 927883684?
2, 7, 13, 196087
What are the prime factors of 29539513?
1571, 18803
What are the prime factors of 43637095?
5, 23, 229, 1657
What are the prime factors of 226390178?
2, 7, 16170727
List the prime factors of 12682492.
2, 701, 4523
List the prime factors of 405584649.
3, 45064961
What are the prime factors of 1253547696?
2, 3, 43, 607339
List the prime factors of 118539214.
2, 19, 67, 46559
List the prime factors of 3982869962.
2, 433, 2011, 2287
What are the prime factors of 2859171127?
97, 307, 96013
What are the prime factors of 1497163995?
3, 5, 19, 41, 42709
List the prime factors of 330353001.
3, 11, 3336899
What are the prime factors of 69967686?
2, 3, 11661281
What are the prime factors of 361908718?
2, 83, 2180173
What are the prime factors of 25990924?
2, 131, 193, 257
What are the prime factors of 332590952?
2, 353, 117773
List the prime factors of 94100808.
2, 3, 3920867
List the prime factors of 215248517.
11, 19568047
List the prime factors of 787020150.
2, 3, 5, 7, 749543
What are the prime factors of 53768184?
2, 3, 2240341
List the prime factors of 64345266.
2, 3, 73, 5441
What are the prime factors of 3520400981?
3520400981
List the prime factors of 204394569.
3, 479, 142237
List the prime factors of 81891355.
5, 7, 13, 179981
What are the prime factors of 1089708008?
2, 136213501
What are the prime factors of 2672891945?
5, 4513, 118453
What are the prime factors of 53835286?
2, 26917643
What are the prime factors of 37471716?
2, 3, 1040881
List the prime factors of 442916324.
2, 110729081
What are the prime factors of 22626144?
2, 3, 251, 313
List the prime factors of 1744176739.
1744176739
List the prime factors of 1435705965.
3, 5, 73, 16187
What are the prime factors of 431052659?
7243, 59513
What are the prime factors of 26508311?
26508311
What are the prime factors of 250355946?
2, 3, 41725991
What are the prime factors of 155628952?
2, 521, 37339
What are the prime factors of 16707261?
3, 5569087
List the prime factors of 261895416.
2, 3, 181, 60289
What are the prime factors of 1040632738?
2, 31, 157, 106907
List the prime factors of 5976671778.
2, 3, 7, 11, 1437391
List the prime factors of 39691082.
2, 29, 684329
List the prime factors of 771495799.
771495799
List the prime factors of 3050241902.
2, 53, 28775867
List the prime factors of 23014351.
23014351
What are the prime factors of 3633124615?
5, 19, 38243417
What are the prime factors of 670912568?
2, 83864071
List the prime factors of 7323652.
2, 7, 73, 3583
List the prime factors of 23639446.
2, 23, 149, 3449
What are the prime factors of 378422990?
2, 5, 11, 3440209
List the prime factors of 124990628.
2, 7, 1423, 3137
List the prime factors of 210160288